{"id":1754,"date":"2025-06-25T02:40:26","date_gmt":"2025-06-25T02:40:26","guid":{"rendered":"https:\/\/fomipymes.com.py\/?page_id=1754"},"modified":"2025-06-25T03:38:51","modified_gmt":"2025-06-25T03:38:51","slug":"lacteo","status":"publish","type":"page","link":"https:\/\/fomipymes.com.py\/?page_id=1754","title":{"rendered":"L\u00e1cteo"},"content":{"rendered":"\n<p><strong>Fortaleciendo la cadena de valor l\u00e1ctea de Paraguay<\/strong><\/p>\n\n\n\n<p>En colaboraci\u00f3n con <strong>FECOPROD<\/strong>, el Proyecto ha puesto en marcha un ambicioso proyecto orientado a modernizar y optimizar la cadena de valor l\u00e1ctea, con especial \u00e9nfasis en la producci\u00f3n de queso. Esta iniciativa tiene como objetivo principal fortalecer a los productores lecheros y garantizar la calidad y la trazabilidad de los productos l\u00e1cteos, generando beneficios tanto para las familias productoras como para los consumidores.<\/p>\n\n\n\n<p><strong>\u00bfC\u00f3mo funciona este proyecto?<\/strong><strong><br><\/strong> El enfoque combina tecnolog\u00eda de punta y capacitaci\u00f3n especializada en cada etapa de la producci\u00f3n, a trav\u00e9s de un proceso estructurado:<\/p>\n\n\n\n<ul class=\"wp-block-list\">\n<li><strong>Producci\u00f3n de materia prima (leche cruda):<\/strong> Los productores entregan la leche, y el sistema identifica al productor y registra la cantidad, el horario y las condiciones de entrega. FECOPROD supervisa la calidad y realiza un seguimiento continuo de cada productor.<br><\/li>\n\n\n\n<li><strong>Recolecci\u00f3n y monitoreo:<\/strong> Se instalan dispositivos IoT (Internet de las Cosas) en los centros de recolecci\u00f3n para monitorear en tiempo real la calidad de la leche.<br><\/li>\n\n\n\n<li><strong>Fabricaci\u00f3n de queso:<\/strong> La informaci\u00f3n de la leche se vincula con los lotes de queso producidos, permitiendo un control preciso del proceso de maduraci\u00f3n.<br><\/li>\n\n\n\n<li><strong>Empaque y codificaci\u00f3n:<\/strong> Cada lote o producto genera un c\u00f3digo QR que el consumidor puede escanear para conocer el origen y todo el proceso de elaboraci\u00f3n del producto.<br><\/li>\n\n\n\n<li><strong>Comercializaci\u00f3n:<\/strong> La trazabilidad y la gesti\u00f3n digital se garantizan mediante sistemas innovadores como <strong>KesoPy<\/strong>.<br><\/li>\n<\/ul>\n\n\n\n<p><strong>El papel clave de FECOPROD<\/strong><strong><br><\/strong> FECOPROD desempe\u00f1a un rol fundamental, liderando actividades como:<\/p>\n\n\n\n<ul class=\"wp-block-list\">\n<li>Realizar an\u00e1lisis constantes para mejorar la calidad de la leche y el queso.<br><\/li>\n\n\n\n<li>Capacitar a los productores en buenas pr\u00e1cticas y en el uso de tecnolog\u00eda IoT para optimizar los procesos productivos.<br><\/li>\n<\/ul>\n\n\n\n<p><strong>Impacto y resultados<\/strong><strong><br><\/strong> Los avances alcanzados hasta la fecha son reflejo del compromiso y la efectividad del proyecto:<\/p>\n\n\n\n<ul class=\"wp-block-list\">\n<li><strong>16 cooperativas l\u00e1cteas y centros de recolecci\u00f3n<\/strong> integrados al plan de asesoramiento digital, con tecnolog\u00eda IoT implementada.<br><\/li>\n\n\n\n<li><strong>Instalaci\u00f3n de dispositivos IoT<\/strong> en cada cooperativa para monitoreo en tiempo real de la calidad de la leche.<br><\/li>\n\n\n\n<li><strong>Casi 300 familias productoras<\/strong> incorporadas al sistema <strong>KesoPy<\/strong>, favoreci\u00e9ndose de un modelo econ\u00f3mico m\u00e1s formal y sostenible.<br><\/li>\n\n\n\n<li>Asesoramiento t\u00e9cnico continuo por parte de FECOPROD, elevando la calidad de la producci\u00f3n y fortaleciendo la confianza de los consumidores.<br><\/li>\n\n\n\n<li>Estabilizaci\u00f3n de los ingresos de las familias rurales mediante la mejora de la trazabilidad, la calidad y la formalizaci\u00f3n de la producci\u00f3n.<br><\/li>\n\n\n\n<li>El asesoramiento digital se ha consolidado como un pilar estrat\u00e9gico para FECOPROD en el fortalecimiento de sus capacidades organizativas.<br><\/li>\n<\/ul>\n\n\n\n<p>Este proyecto no solo moderniza la producci\u00f3n l\u00e1ctea, sino que impulsa la econom\u00eda rural, fomenta la calidad y refuerza la confianza en los productos l\u00e1cteos de Paraguay.<\/p>\n\n\n\n<p><strong>\u00a1Segu\u00ed nuestras redes y s\u00e9 parte de esta transformaci\u00f3n para el desarrollo del sector l\u00e1cteo nacional!<\/strong><\/p>\n\n\n\n<figure class=\"wp-block-gallery has-nested-images columns-default is-cropped wp-block-gallery-1 is-layout-flex wp-block-gallery-is-layout-flex\">\n<figure class=\"wp-block-image size-large\"><img loading=\"lazy\" decoding=\"async\" width=\"1024\" height=\"768\" data-id=\"1761\" src=\"https:\/\/fomipymes.com.py\/wp-content\/uploads\/2025\/06\/IMG_7684-1024x768.jpg\" alt=\"\" class=\"wp-image-1761\" srcset=\"https:\/\/fomipymes.com.py\/wp-content\/uploads\/2025\/06\/IMG_7684-1024x768.jpg 1024w, https:\/\/fomipymes.com.py\/wp-content\/uploads\/2025\/06\/IMG_7684-300x225.jpg 300w, https:\/\/fomipymes.com.py\/wp-content\/uploads\/2025\/06\/IMG_7684-768x576.jpg 768w, https:\/\/fomipymes.com.py\/wp-content\/uploads\/2025\/06\/IMG_7684-1536x1152.jpg 1536w, https:\/\/fomipymes.com.py\/wp-content\/uploads\/2025\/06\/IMG_7684-2048x1536.jpg 2048w\" sizes=\"auto, (max-width: 1024px) 100vw, 1024px\" \/><\/figure>\n\n\n\n<figure class=\"wp-block-image size-large\"><img loading=\"lazy\" decoding=\"async\" width=\"768\" height=\"1024\" data-id=\"1762\" src=\"https:\/\/fomipymes.com.py\/wp-content\/uploads\/2025\/06\/IMG_7690-768x1024.jpg\" alt=\"\" class=\"wp-image-1762\" srcset=\"https:\/\/fomipymes.com.py\/wp-content\/uploads\/2025\/06\/IMG_7690-768x1024.jpg 768w, https:\/\/fomipymes.com.py\/wp-content\/uploads\/2025\/06\/IMG_7690-225x300.jpg 225w, https:\/\/fomipymes.com.py\/wp-content\/uploads\/2025\/06\/IMG_7690-1152x1536.jpg 1152w, https:\/\/fomipymes.com.py\/wp-content\/uploads\/2025\/06\/IMG_7690-1536x2048.jpg 1536w, https:\/\/fomipymes.com.py\/wp-content\/uploads\/2025\/06\/IMG_7690-scaled.jpg 1920w\" sizes=\"auto, (max-width: 768px) 100vw, 768px\" \/><\/figure>\n\n\n\n<figure class=\"wp-block-image size-large\"><img loading=\"lazy\" decoding=\"async\" width=\"768\" height=\"1024\" data-id=\"1766\" src=\"https:\/\/fomipymes.com.py\/wp-content\/uploads\/2025\/06\/IMG_7692-768x1024.jpg\" alt=\"\" class=\"wp-image-1766\" srcset=\"https:\/\/fomipymes.com.py\/wp-content\/uploads\/2025\/06\/IMG_7692-768x1024.jpg 768w, https:\/\/fomipymes.com.py\/wp-content\/uploads\/2025\/06\/IMG_7692-225x300.jpg 225w, https:\/\/fomipymes.com.py\/wp-content\/uploads\/2025\/06\/IMG_7692-1152x1536.jpg 1152w, https:\/\/fomipymes.com.py\/wp-content\/uploads\/2025\/06\/IMG_7692-1536x2048.jpg 1536w, https:\/\/fomipymes.com.py\/wp-content\/uploads\/2025\/06\/IMG_7692-scaled.jpg 1920w\" sizes=\"auto, (max-width: 768px) 100vw, 768px\" \/><\/figure>\n\n\n\n<figure class=\"wp-block-image size-large\"><img loading=\"lazy\" decoding=\"async\" width=\"768\" height=\"1024\" data-id=\"1763\" src=\"https:\/\/fomipymes.com.py\/wp-content\/uploads\/2025\/06\/IMG_7739-768x1024.jpg\" alt=\"\" class=\"wp-image-1763\" srcset=\"https:\/\/fomipymes.com.py\/wp-content\/uploads\/2025\/06\/IMG_7739-768x1024.jpg 768w, https:\/\/fomipymes.com.py\/wp-content\/uploads\/2025\/06\/IMG_7739-225x300.jpg 225w, https:\/\/fomipymes.com.py\/wp-content\/uploads\/2025\/06\/IMG_7739-1152x1536.jpg 1152w, https:\/\/fomipymes.com.py\/wp-content\/uploads\/2025\/06\/IMG_7739-1536x2048.jpg 1536w, https:\/\/fomipymes.com.py\/wp-content\/uploads\/2025\/06\/IMG_7739-scaled.jpg 1920w\" sizes=\"auto, (max-width: 768px) 100vw, 768px\" \/><\/figure>\n\n\n\n<figure class=\"wp-block-image size-large\"><img loading=\"lazy\" decoding=\"async\" width=\"1024\" height=\"768\" data-id=\"1765\" src=\"https:\/\/fomipymes.com.py\/wp-content\/uploads\/2025\/06\/IMG_7818-1024x768.jpg\" alt=\"\" class=\"wp-image-1765\" srcset=\"https:\/\/fomipymes.com.py\/wp-content\/uploads\/2025\/06\/IMG_7818-1024x768.jpg 1024w, https:\/\/fomipymes.com.py\/wp-content\/uploads\/2025\/06\/IMG_7818-300x225.jpg 300w, https:\/\/fomipymes.com.py\/wp-content\/uploads\/2025\/06\/IMG_7818-768x576.jpg 768w, https:\/\/fomipymes.com.py\/wp-content\/uploads\/2025\/06\/IMG_7818-1536x1152.jpg 1536w, https:\/\/fomipymes.com.py\/wp-content\/uploads\/2025\/06\/IMG_7818-2048x1536.jpg 2048w\" sizes=\"auto, (max-width: 1024px) 100vw, 1024px\" \/><\/figure>\n\n\n\n<figure class=\"wp-block-image size-large\"><img loading=\"lazy\" decoding=\"async\" width=\"768\" height=\"1024\" data-id=\"1764\" src=\"https:\/\/fomipymes.com.py\/wp-content\/uploads\/2025\/06\/IMG_7829-768x1024.jpg\" alt=\"\" class=\"wp-image-1764\" srcset=\"https:\/\/fomipymes.com.py\/wp-content\/uploads\/2025\/06\/IMG_7829-768x1024.jpg 768w, https:\/\/fomipymes.com.py\/wp-content\/uploads\/2025\/06\/IMG_7829-225x300.jpg 225w, https:\/\/fomipymes.com.py\/wp-content\/uploads\/2025\/06\/IMG_7829-1152x1536.jpg 1152w, https:\/\/fomipymes.com.py\/wp-content\/uploads\/2025\/06\/IMG_7829-1536x2048.jpg 1536w, https:\/\/fomipymes.com.py\/wp-content\/uploads\/2025\/06\/IMG_7829-scaled.jpg 1920w\" sizes=\"auto, (max-width: 768px) 100vw, 768px\" \/><\/figure>\n\n\n\n<figure class=\"wp-block-image size-large\"><img loading=\"lazy\" decoding=\"async\" width=\"1024\" height=\"576\" data-id=\"1772\" src=\"https:\/\/fomipymes.com.py\/wp-content\/uploads\/2025\/06\/2023.01.06.00_45_39_47.Still021-1-1024x576.jpg\" alt=\"\" class=\"wp-image-1772\" srcset=\"https:\/\/fomipymes.com.py\/wp-content\/uploads\/2025\/06\/2023.01.06.00_45_39_47.Still021-1-1024x576.jpg 1024w, https:\/\/fomipymes.com.py\/wp-content\/uploads\/2025\/06\/2023.01.06.00_45_39_47.Still021-1-300x169.jpg 300w, https:\/\/fomipymes.com.py\/wp-content\/uploads\/2025\/06\/2023.01.06.00_45_39_47.Still021-1-768x432.jpg 768w, https:\/\/fomipymes.com.py\/wp-content\/uploads\/2025\/06\/2023.01.06.00_45_39_47.Still021-1-1536x864.jpg 1536w, https:\/\/fomipymes.com.py\/wp-content\/uploads\/2025\/06\/2023.01.06.00_45_39_47.Still021-1-2048x1152.jpg 2048w\" sizes=\"auto, (max-width: 1024px) 100vw, 1024px\" \/><\/figure>\n\n\n\n<figure class=\"wp-block-image size-large\"><img loading=\"lazy\" decoding=\"async\" width=\"1024\" height=\"576\" data-id=\"1767\" src=\"https:\/\/fomipymes.com.py\/wp-content\/uploads\/2025\/06\/2023.01.04.00_45_25_04.Still065-1-1024x576.jpg\" alt=\"\" class=\"wp-image-1767\" srcset=\"https:\/\/fomipymes.com.py\/wp-content\/uploads\/2025\/06\/2023.01.04.00_45_25_04.Still065-1-1024x576.jpg 1024w, https:\/\/fomipymes.com.py\/wp-content\/uploads\/2025\/06\/2023.01.04.00_45_25_04.Still065-1-300x169.jpg 300w, https:\/\/fomipymes.com.py\/wp-content\/uploads\/2025\/06\/2023.01.04.00_45_25_04.Still065-1-768x432.jpg 768w, https:\/\/fomipymes.com.py\/wp-content\/uploads\/2025\/06\/2023.01.04.00_45_25_04.Still065-1-1536x864.jpg 1536w, https:\/\/fomipymes.com.py\/wp-content\/uploads\/2025\/06\/2023.01.04.00_45_25_04.Still065-1-2048x1152.jpg 2048w\" sizes=\"auto, (max-width: 1024px) 100vw, 1024px\" \/><\/figure>\n\n\n\n<figure class=\"wp-block-image size-large\"><img loading=\"lazy\" decoding=\"async\" width=\"1024\" height=\"576\" data-id=\"1768\" src=\"https:\/\/fomipymes.com.py\/wp-content\/uploads\/2025\/06\/2023.01.04.00_23_53_28.Still048-1-1024x576.jpg\" alt=\"\" class=\"wp-image-1768\" srcset=\"https:\/\/fomipymes.com.py\/wp-content\/uploads\/2025\/06\/2023.01.04.00_23_53_28.Still048-1-1024x576.jpg 1024w, https:\/\/fomipymes.com.py\/wp-content\/uploads\/2025\/06\/2023.01.04.00_23_53_28.Still048-1-300x169.jpg 300w, https:\/\/fomipymes.com.py\/wp-content\/uploads\/2025\/06\/2023.01.04.00_23_53_28.Still048-1-768x432.jpg 768w, https:\/\/fomipymes.com.py\/wp-content\/uploads\/2025\/06\/2023.01.04.00_23_53_28.Still048-1-1536x864.jpg 1536w, https:\/\/fomipymes.com.py\/wp-content\/uploads\/2025\/06\/2023.01.04.00_23_53_28.Still048-1-2048x1152.jpg 2048w\" sizes=\"auto, (max-width: 1024px) 100vw, 1024px\" \/><\/figure>\n\n\n\n<figure class=\"wp-block-image size-large\"><img loading=\"lazy\" decoding=\"async\" width=\"1024\" height=\"576\" data-id=\"1770\" src=\"https:\/\/fomipymes.com.py\/wp-content\/uploads\/2025\/06\/2023.01.04.00_18_58_23.Still042-1-1024x576.jpg\" alt=\"\" class=\"wp-image-1770\" srcset=\"https:\/\/fomipymes.com.py\/wp-content\/uploads\/2025\/06\/2023.01.04.00_18_58_23.Still042-1-1024x576.jpg 1024w, https:\/\/fomipymes.com.py\/wp-content\/uploads\/2025\/06\/2023.01.04.00_18_58_23.Still042-1-300x169.jpg 300w, https:\/\/fomipymes.com.py\/wp-content\/uploads\/2025\/06\/2023.01.04.00_18_58_23.Still042-1-768x432.jpg 768w, https:\/\/fomipymes.com.py\/wp-content\/uploads\/2025\/06\/2023.01.04.00_18_58_23.Still042-1-1536x864.jpg 1536w, https:\/\/fomipymes.com.py\/wp-content\/uploads\/2025\/06\/2023.01.04.00_18_58_23.Still042-1-2048x1152.jpg 2048w\" sizes=\"auto, (max-width: 1024px) 100vw, 1024px\" \/><\/figure>\n\n\n\n<figure class=\"wp-block-image size-large\"><img loading=\"lazy\" decoding=\"async\" width=\"1024\" height=\"576\" data-id=\"1771\" src=\"https:\/\/fomipymes.com.py\/wp-content\/uploads\/2025\/06\/2023.01.04.00_15_40_14.Still036-1-1024x576.jpg\" alt=\"\" class=\"wp-image-1771\" srcset=\"https:\/\/fomipymes.com.py\/wp-content\/uploads\/2025\/06\/2023.01.04.00_15_40_14.Still036-1-1024x576.jpg 1024w, https:\/\/fomipymes.com.py\/wp-content\/uploads\/2025\/06\/2023.01.04.00_15_40_14.Still036-1-300x169.jpg 300w, https:\/\/fomipymes.com.py\/wp-content\/uploads\/2025\/06\/2023.01.04.00_15_40_14.Still036-1-768x432.jpg 768w, https:\/\/fomipymes.com.py\/wp-content\/uploads\/2025\/06\/2023.01.04.00_15_40_14.Still036-1-1536x864.jpg 1536w, https:\/\/fomipymes.com.py\/wp-content\/uploads\/2025\/06\/2023.01.04.00_15_40_14.Still036-1-2048x1152.jpg 2048w\" sizes=\"auto, (max-width: 1024px) 100vw, 1024px\" \/><\/figure>\n\n\n\n<figure class=\"wp-block-image size-large\"><img loading=\"lazy\" decoding=\"async\" width=\"1024\" height=\"576\" data-id=\"1769\" src=\"https:\/\/fomipymes.com.py\/wp-content\/uploads\/2025\/06\/2023.01.04.00_14_32_10.Still034-1-1024x576.jpg\" alt=\"\" class=\"wp-image-1769\" srcset=\"https:\/\/fomipymes.com.py\/wp-content\/uploads\/2025\/06\/2023.01.04.00_14_32_10.Still034-1-1024x576.jpg 1024w, https:\/\/fomipymes.com.py\/wp-content\/uploads\/2025\/06\/2023.01.04.00_14_32_10.Still034-1-300x169.jpg 300w, https:\/\/fomipymes.com.py\/wp-content\/uploads\/2025\/06\/2023.01.04.00_14_32_10.Still034-1-768x432.jpg 768w, https:\/\/fomipymes.com.py\/wp-content\/uploads\/2025\/06\/2023.01.04.00_14_32_10.Still034-1-1536x864.jpg 1536w, https:\/\/fomipymes.com.py\/wp-content\/uploads\/2025\/06\/2023.01.04.00_14_32_10.Still034-1-2048x1152.jpg 2048w\" sizes=\"auto, (max-width: 1024px) 100vw, 1024px\" \/><\/figure>\n<\/figure>\n\n\n\n<figure class=\"wp-block-gallery has-nested-images columns-default is-cropped wp-block-gallery-2 is-layout-flex wp-block-gallery-is-layout-flex\"><\/figure>\n","protected":false},"excerpt":{"rendered":"<p>Fortaleciendo la cadena de valor l\u00e1ctea de Paraguay En colaboraci\u00f3n con FECOPROD, el Proyecto ha puesto en marcha un ambicioso proyecto orientado a modernizar y optimizar la cadena de valor l\u00e1ctea, con especial \u00e9nfasis en la producci\u00f3n de queso. Esta iniciativa tiene como objetivo principal fortalecer a los productores lecheros y garantizar la calidad y&hellip;&nbsp;<a href=\"https:\/\/fomipymes.com.py\/?page_id=1754\" class=\"\" rel=\"bookmark\">Read More &raquo;<span class=\"screen-reader-text\">L\u00e1cteo<\/span><\/a><\/p>\n","protected":false},"author":1,"featured_media":0,"parent":0,"menu_order":0,"comment_status":"closed","ping_status":"closed","template":"","meta":{"neve_meta_sidebar":"","neve_meta_container":"","neve_meta_enable_content_width":"","neve_meta_content_width":0,"neve_meta_title_alignment":"","neve_meta_author_avatar":"","neve_post_elements_order":"","neve_meta_disable_header":"","neve_meta_disable_footer":"","neve_meta_disable_title":"","_themeisle_gutenberg_block_has_review":false,"_ti_tpc_template_sync":false,"_ti_tpc_template_id":"","footnotes":""},"class_list":["post-1754","page","type-page","status-publish","hentry"],"_links":{"self":[{"href":"https:\/\/fomipymes.com.py\/index.php?rest_route=\/wp\/v2\/pages\/1754","targetHints":{"allow":["GET"]}}],"collection":[{"href":"https:\/\/fomipymes.com.py\/index.php?rest_route=\/wp\/v2\/pages"}],"about":[{"href":"https:\/\/fomipymes.com.py\/index.php?rest_route=\/wp\/v2\/types\/page"}],"author":[{"embeddable":true,"href":"https:\/\/fomipymes.com.py\/index.php?rest_route=\/wp\/v2\/users\/1"}],"replies":[{"embeddable":true,"href":"https:\/\/fomipymes.com.py\/index.php?rest_route=%2Fwp%2Fv2%2Fcomments&post=1754"}],"version-history":[{"count":2,"href":"https:\/\/fomipymes.com.py\/index.php?rest_route=\/wp\/v2\/pages\/1754\/revisions"}],"predecessor-version":[{"id":1783,"href":"https:\/\/fomipymes.com.py\/index.php?rest_route=\/wp\/v2\/pages\/1754\/revisions\/1783"}],"wp:attachment":[{"href":"https:\/\/fomipymes.com.py\/index.php?rest_route=%2Fwp%2Fv2%2Fmedia&parent=1754"}],"curies":[{"name":"wp","href":"https:\/\/api.w.org\/{rel}","templated":true}]}}